{"id":2928,"date":"2021-07-12T08:57:59","date_gmt":"2021-07-12T08:57:59","guid":{"rendered":"https:\/\/www.lafamiliamaker.es\/?page_id=2928"},"modified":"2026-02-25T11:47:07","modified_gmt":"2026-02-25T11:47:07","slug":"qui-som","status":"publish","type":"page","link":"https:\/\/www.lafamiliamaker.es\/ca\/qui-som\/","title":{"rendered":"Qui som"},"content":{"rendered":"<p>[vc_row][vc_column][vc_column_text]<\/p>\n<h1><strong>La Familia en ess\u00e8ncia<\/strong><\/h1>\n<p>[\/vc_column_text][vc_column_text]Som <strong><em>wood lovers<\/em><\/strong>\u00a0des de fa m\u00e9s de 30 anys, especialistes en la fabricaci\u00f3 i el muntatge d\u2019espais singulars, mobiliari a mida i tot tipus de projectes de decoraci\u00f3. Ens caracteritza la inquietud i la curiositat: acceptem amb entusiasme els reptes que ens plantegen dissenyadors i arquitectes.<\/p>\n<div>\n<p>M\u00e9s enll\u00e0 de la fusta\u2026<\/p>\n<\/div>\n<div>\n<p>La creativitat no t\u00e9 l\u00edmits i les nostres ganes d\u2019experimentar tampoc. Aix\u00f2 ens ha portat a convertir-nos tamb\u00e9 en <em>makers<\/em> de molts altres materials: metall, metacrilat, t\u00e8xtils impresos, vinils\u2026 La nostra col\u00b7laboraci\u00f3 amb Cubi\u00f1\u00e1 exemplifica com aquesta sintonia creativa va m\u00e9s enll\u00e0 del m\u00f3n de la fusta, obrint noves possibilitats i cobrint totes les necessitats dels projectes m\u00e9s exigents.<\/p>\n<\/div>\n<div>\n<p>La Familia Maker \u00e9s \u00fanica perqu\u00e8 est\u00e0 formada per professionals de gran experi\u00e8ncia en diversos \u00e0mbits: fusters, tapissers, metal\u00b7listes, pintors, electricistes, impressors de gran format, retolistes i muntadors.<\/p>\n<\/div>\n<div>\n<p>Junts, treballem per assegurar l\u2019\u00e8xit de cada projecte, involucrant-nos en totes les fases: mesuraments in situ, proves i prototips, coordinaci\u00f3 integral i suport continu. Gaudim col\u00b7laborant amb qui valora els detalls, l\u2019harmonia entre oficis i la for\u00e7a d\u2019un bon equip. Per aix\u00f2, amb Cubi\u00f1\u00e1 ens sentim com a casa, construint espais i hist\u00f2ries plegats.<\/p>\n<\/div>\n<p>[\/vc_column_text][vc_empty_space][\/vc_column][\/vc_row]<\/p>\n","protected":false},"excerpt":{"rendered":"<p>[vc_row][vc_column][vc_column_text] La Familia en ess\u00e8ncia [\/vc_column_text][vc_column_text]Som wood lovers\u00a0des de fa m\u00e9s de 30 anys, especialistes en la fabricaci\u00f3 i el muntatge d\u2019espais singulars, mobiliari a mida i tot tipus de&hellip;<\/p>\n","protected":false},"author":3,"featured_media":2932,"parent":0,"menu_order":1,"comment_status":"closed","ping_status":"closed","template":"templates\/split.php","meta":{"footnotes":""},"class_list":["post-2928","page","type-page","status-publish","has-post-thumbnail","hentry"],"aioseo_notices":[],"_links":{"self":[{"href":"https:\/\/www.lafamiliamaker.es\/ca\/wp-json\/wp\/v2\/pages\/2928","targetHints":{"allow":["GET"]}}],"collection":[{"href":"https:\/\/www.lafamiliamaker.es\/ca\/wp-json\/wp\/v2\/pages"}],"about":[{"href":"https:\/\/www.lafamiliamaker.es\/ca\/wp-json\/wp\/v2\/types\/page"}],"author":[{"embeddable":true,"href":"https:\/\/www.lafamiliamaker.es\/ca\/wp-json\/wp\/v2\/users\/3"}],"replies":[{"embeddable":true,"href":"https:\/\/www.lafamiliamaker.es\/ca\/wp-json\/wp\/v2\/comments?post=2928"}],"version-history":[{"count":7,"href":"https:\/\/www.lafamiliamaker.es\/ca\/wp-json\/wp\/v2\/pages\/2928\/revisions"}],"predecessor-version":[{"id":3865,"href":"https:\/\/www.lafamiliamaker.es\/ca\/wp-json\/wp\/v2\/pages\/2928\/revisions\/3865"}],"wp:featuredmedia":[{"embeddable":true,"href":"https:\/\/www.lafamiliamaker.es\/ca\/wp-json\/wp\/v2\/media\/2932"}],"wp:attachment":[{"href":"https:\/\/www.lafamiliamaker.es\/ca\/wp-json\/wp\/v2\/media?parent=2928"}],"curies":[{"name":"wp","href":"https:\/\/api.w.org\/{rel}","templated":true}]}}

<p>[vc_row][vc_column][vc_column_text]</p>
<h1><strong>La Familia en essència</strong></h1>
<p>[/vc_column_text][vc_column_text]Som <strong><em>wood lovers</em></strong> des de fa més de 30 anys, especialistes en la fabricació i el muntatge d’espais singulars, mobiliari a mida i tot tipus de projectes de decoració. Ens caracteritza la inquietud i la curiositat: acceptem amb entusiasme els reptes que ens plantegen dissenyadors i arquitectes.</p>
<div>
<p>Més enllà de la fusta…</p>
</div>
<div>
<p>La creativitat no té límits i les nostres ganes d’experimentar tampoc. Això ens ha portat a convertir-nos també en <em>makers</em> de molts altres materials: metall, metacrilat, tèxtils impresos, vinils… La nostra col·laboració amb Cubiñá exemplifica com aquesta sintonia creativa va més enllà del món de la fusta, obrint noves possibilitats i cobrint totes les necessitats dels projectes més exigents.</p>
</div>
<div>
<p>La Familia Maker és única perquè està formada per professionals de gran experiència en diversos àmbits: fusters, tapissers, metal·listes, pintors, electricistes, impressors de gran format, retolistes i muntadors.</p>
</div>
<div>
<p>Junts, treballem per assegurar l’èxit de cada projecte, involucrant-nos en totes les fases: mesuraments in situ, proves i prototips, coordinació integral i suport continu. Gaudim col·laborant amb qui valora els detalls, l’harmonia entre oficis i la força d’un bon equip. Per això, amb Cubiñá ens sentim com a casa, construint espais i històries plegats.</p>
</div>
<p>[/vc_column_text][vc_empty_space][/vc_column][/vc_row]</p>

<p>[vc_row][vc_column][vc_column_text] La Familia en essència [/vc_column_text][vc_column_text]Som wood lovers des de fa més de 30 anys, especialistes en la fabricació i el muntatge d’espais singulars, mobiliari a mida i tot tipus de&hellip;</p>
